{"id":93,"date":"2015-06-14T16:19:38","date_gmt":"2015-06-14T14:19:38","guid":{"rendered":"http:\/\/schlachthaus.schmissberg.de\/?page_id=93"},"modified":"2025-09-11T16:32:08","modified_gmt":"2025-09-11T14:32:08","slug":"kontaktanfahrt","status":"publish","type":"page","link":"https:\/\/schlachthaus.schmissberg.de\/index.php\/kontaktanfahrt\/","title":{"rendered":"Kontakt\/Anfahrt"},"content":{"rendered":"\n<h3 class=\"wp-block-heading\">&nbsp;<\/h3>\n\n\n\n<h3 class=\"wp-block-heading has-white-color has-text-color has-link-color wp-elements-e4d5d736b394f585eab360f207367d98\"><span style=\"color: #000000;\">Kontakt:<\/span><\/h3>\n\n\n\n<p class=\"has-white-color has-text-color has-link-color wp-elements-7ffb779638286e1c283b48fed4cca18b\"><span style=\"color: #000000;\">Schlachthaus Schmi\u00dfberg<\/span><br><span style=\"color: #000000;\">Zust\u00e4ndig f\u00fcr Mietanfragen: <\/span><\/p>\n\n\n\n<p class=\"has-white-color has-text-color has-link-color wp-elements-7501838c11fb3e6b8e07366c306ce33a\"><span style=\"color: #000000;\">Jana Grauer<\/span><br><span style=\"color: #000000;\">Hohe Wiese<\/span><br><span style=\"color: #000000;\">55765 Schmi\u00dfberg<\/span><br><span style=\"color: #000000;\">info@schmissberg.de<\/span><\/p>\n\n\n\n<h3 class=\"wp-block-heading\">&nbsp;<\/h3>\n\n\n\n<h3 class=\"wp-block-heading has-white-color has-text-color has-link-color wp-elements-7ec915f88b3c15fd42b2f8220e6b7aa6\"><span style=\"color: #000000;\">Anfahrt:<\/span><\/h3>\n\n\n\n<p><iframe loading=\"lazy\" style=\"border: 0;\" src=\"https:\/\/www.google.com\/maps\/embed?pb=!1m18!1m12!1m3!1d2145.8913353691432!2d7.203718009821659!3d49.66485875642226!2m3!1f0!2f0!3f0!3m2!1i1024!2i768!4f13.1!3m3!1m2!1s0x4795f2d07a698205%3A0x422d4d510dad930!2sSchmi%C3%9Fberg!5e1!3m2!1sde!2sde!4v1434211121853\" width=\"1024\" height=\"800\" frameborder=\"0\"><\/iframe><\/p>\n","protected":false},"excerpt":{"rendered":"<p>&nbsp; Kontakt: Schlachthaus Schmi\u00dfbergZust\u00e4ndig f\u00fcr Mietanfragen: Jana GrauerHohe Wiese55765 Schmi\u00dfberginfo@schmissberg.de &nbsp; Anfahrt:<\/p>\n","protected":false},"author":1,"featured_media":0,"parent":0,"menu_order":4,"comment_status":"closed","ping_status":"closed","template":"page-full-width.php","meta":{"jetpack_post_was_ever_published":false,"footnotes":""},"class_list":["post-93","page","type-page","status-publish","hentry"],"jetpack_sharing_enabled":true,"jetpack_shortlink":"https:\/\/wp.me\/P6m21z-1v","_links":{"self":[{"href":"https:\/\/schlachthaus.schmissberg.de\/index.php\/wp-json\/wp\/v2\/pages\/93","targetHints":{"allow":["GET"]}}],"collection":[{"href":"https:\/\/schlachthaus.schmissberg.de\/index.php\/wp-json\/wp\/v2\/pages"}],"about":[{"href":"https:\/\/schlachthaus.schmissberg.de\/index.php\/wp-json\/wp\/v2\/types\/page"}],"author":[{"embeddable":true,"href":"https:\/\/schlachthaus.schmissberg.de\/index.php\/wp-json\/wp\/v2\/users\/1"}],"replies":[{"embeddable":true,"href":"https:\/\/schlachthaus.schmissberg.de\/index.php\/wp-json\/wp\/v2\/comments?post=93"}],"version-history":[{"count":19,"href":"https:\/\/schlachthaus.schmissberg.de\/index.php\/wp-json\/wp\/v2\/pages\/93\/revisions"}],"predecessor-version":[{"id":243,"href":"https:\/\/schlachthaus.schmissberg.de\/index.php\/wp-json\/wp\/v2\/pages\/93\/revisions\/243"}],"wp:attachment":[{"href":"https:\/\/schlachthaus.schmissberg.de\/index.php\/wp-json\/wp\/v2\/media?parent=93"}],"curies":[{"name":"wp","href":"https:\/\/api.w.org\/{rel}","templated":true}]}}